 What is n(p)?
-3
Let s(c) = -c - 2. Let p be s(2). Let z(g) = 5*g + 3. Let q(o) be the second derivative of 13*o**3/3 + 7*o**2 - 4*o. Let t(l) = -2*q(l) + 11*z(l). Give t(p).
-7
Let d be 1/(-1 + (-6)/(-3)). Let o(n) = -d + 3*n + 3 - 4*n. Suppose x = -x + 8. Give o(x).
-2
Let l(d) be the first derivative of d**3/3 - 5*d**2/2 - 2*d + 6. What is l(6)?
4
Let o(w) = 0 + 5*w**2 - 470*w - 1 + 470*w. Calculate o(1).
4
Let c = 2 + 2. Suppose -3*t = -5*t + 3*k - 7, 21 = 4*t + k. Let n(g) = t*g + 0*g**3 - 1 - 5 - g**3 + 3*g**2. What is n(c)?
-6
Let k = -4 - -6. Let w(j) = -10 + 5 - 3*j + 0 + 4. What is w(k)?
-7
Let g(u) = u + 2. Let s(c) = c**2 - 6*c - 7. Let z be s(7). Let r be 5/(20/24) - z. Calculate g(r).
8
Let n(h) = 2*h + 2. Let s be 7*(-7)/1*(-6)/(-49). Give n(s).
-10
Let j(d) = -d + 17. Let c(w) = -w + 17. Let u(z) = 4*c(z) - 3*j(z). Calculate u(7).
10
Let k(w) = w + 1. Let i be ((-2)/(-5))/(3/(-15)). Let y be 0 + 1 + -7 - i. Let c be 14/y + (-1)/(-2). Give k(c).
-2
Let p(v) = -2*v**3 - 3*v**2 + 8. Let c(n) = 4*n**2 - 1. Let x be c(1). Let d(h) = 3*h**3 + 4*h**2 - 8. Let b(i) = x*d(i) + 4*p(i). Give b(0).
8
Let p(u) = u - 4. Let a(x) = x**2 - 8*x + 3. Let k(d) = 2*d**2 - 5*d + 5. Let z be k(3). Let o be a(z). Give p(o).
-1
Let h(m) = -m**3 - 4*m**2 + 6*m + 2. Let a = 31 - 36. Determine h(a).
-3
Let x(d) = 4*d**3 + 4*d**2 - 4*d - 13. Let a(w) = 7*w**3 + 9*w**2 - 8*w - 25. Let o(n) = 3*a(n) - 5*x(n). Calculate o(-7).
18
Let q(h) = -h**2 - 2*h - 1. Let w(r) = r**2 - 8*r + 1. Let v be w(4). Let a = 17 + v. Give q(a).
-9
Let g = 26 + -19. Suppose z - 18 = g*z. Let d(h) = -4*h - 2. Determine d(z).
10
Let s(f) = -f**3 - 6*f**2 + f + 8. Let k be s(-6). Suppose 4*p + 3*o = -19 - 4, -3*p + k*o = 13. Let j(b) = b. Determine j(p).
-5
Let v(j) = -j**3 + 3*j**2 - 5*j + 7. Let h(m) = -2*m**3 + 5*m**2 - 10*m + 15. Let l(f) = 3*h(f) - 7*v(f). What is l(5)?
-4
Let q(h) = 1. Let k(n) = -5*n - 3. Let f(g) = -k(g) - 4*q(g). Let r = 29 + -12. Suppose 2*b - 3*o = r, 0 = -b - 4*b - 5*o - 20. What is f(b)?
4
Let w = -10 + 6. Let l be w/(-16) - (-23)/4. Let q be 21/l + (-1)/(-2). Let x(d) = d - 2. Calculate x(q).
2
Let h(t) = 3*t + 8. Let o = 3 + -5. Let q(p) be the first derivative of -2*p**2 - 8*p + 1. Let y(f) = o*q(f) - 3*h(f). Give y(0).
-8
Let d(t) be the first derivative of -t**4/4 - 4*t**3/3 - 2*t**2 + 34. What is d(-3)?
3
Let c = 34 - 30. Let f(a) = a**3 - 5*a**2 + 5*a - 2. Calculate f(c).
2
Let h(w) be the first derivative of w**3/3 + 5*w**2/2 - 6*w - 6. Calculate h(-5).
-6
Let a(g) be the third derivative of g**6/120 + g**5/15 - 7*g**4/24 + g**3/6 + 3*g**2. Let w be (2 + -2 + 5)*-1. Give a(w).
11
Let q(f) = -5*f**2 - 4*f. Let h(v) = 0 + 9*v**2 + 8*v - 1 + 2. Let x(w) = 4*h(w) + 7*q(w). Suppose 4*y - 10 = -22. What is x(y)?
1
Let o(z) = -z**3 + 4*z**2 + 2*z - 2. Suppose c + 4 + 12 = 4*r, 5*r + c = 20. Calculate o(r).
6
Let i(t) = -10*t**2 + 2*t - t + 1 + 0. Determine i(-1).
-10
Suppose -4*u + 2*n = -4, -n - 6 = -4*n. Suppose -2*q = u*z, 0 = 5*q + 2*z - 5*z + 24. Let c(j) = j - 3 - 2*j**2 + 0*j + 3*j**2. Determine c(q).
3
Suppose -4*t + 8*t + 20 = 0. Suppose 0 = 5*a + 2*v + 54, -2*v = -a - v - 8. Let q = t - a. Let k(h) = -h + 7. Calculate k(q).
2
Let v(l) = -9*l**2 - l. Suppose -10 - 38 = -4*r. Let w = r + -4. Let h(s) = 6*s**2 + s. Let k(n) = w*h(n) + 5*v(n). What is k(-2)?
6
Let l(f) = -2*f**3 + 19*f**2 + 5*f - 1. Let o(h) = h**3 - 9*h**2 - 3*h. Let d(q) = -3*l(q) - 7*o(q). Calculate d(7).
-4
Let r(p) = p + 2. Suppose -3*y = 2*y - 25. Let j be ((-55)/y)/(-2 + 1). Let b = -9 + j. What is r(b)?
4
Let o be (-7 - -2)/((-2)/2). Let l(h) = 2*h - 2. Give l(o).
8
Let q(s) = -s**2 - s + 2. Let d be q(-3). Suppose 4*i + 24 = -4*y + 4, -4*i - 18 = 3*y. Let v be (y + (-10)/d)*0. Let g(w) = w**3 - w - 2. What is g(v)?
-2
Let t(j) be the first derivative of 1 - j + 1/2*j**2. Let d = -11 - -7. Give t(d).
-5
Suppose 0 = -4*u + 6*u - 5*u. Let n(t) = t**3 - t + 3. Give n(u).
3
Let m(i) = 2*i**2 - 3*i**2 + 1 + 1. Suppose -11 = -5*n + 4. What is m(n)?
-7
Let w = -68 + 73. Let n(r) = -r**2 + 6*r. What is n(w)?
5
Let n(t) = -t**2 + t. Let a = 5 + -8. Let u(v) = v**3 + 3*v**2 - v + 1. Let s be u(a). Let j be 1/(-3)*(1 - s). Give n(j).
0
Let r be 3 + -2*(0 + -1). Let x(k) = 5*k**3 - 3*k**3 - 3*k**3 + 6*k + 3*k**2 + k**2 + 2. Give x(r).
7
Let x(z) = z**3 - 5*z**2 - 8*z + 1. Let b be x(6). Let r = b - -6. Let m(k) = -k. Let i(a) = -5*a - 5. Let d(p) = i(p) - 3*m(p). What is d(r)?
5
Suppose 0 = -4*j + 133 - 25. Suppose -3*y - 15 = -v, -2*y - y + 5*v = j. Let z(p) = -4*p - 1 - p**2 - 1 + 7. Give z(y).
5
Let w(n) be the third derivative of n**4/24 + 7*n**3/6 - 12*n**2. Calculate w(-5).
2
Suppose 0 = g + 3*z + 6, -8 = 4*g - 0*z + 4*z. Let v(r) be the first derivative of r**3/3 + r**2/2 - 7*r - 1. Determine v(g).
-7
Let v(w) be the third derivative of w**4/24 + w**3/2 - w**2. Let t(u) be the first derivative of -u**4/4 - 7*u**3/3 - 4*u + 2. Let h be t(-7). Determine v(h).
-1
Let p be 2/6 - (-44)/12. Let c(t) = t + 2 + 3*t + p - 5*t. Suppose -2*s = o + 3, 4*o + 15 = s - o. Determine c(s).
6
Suppose -v - 4*v - s + 28 = 0, -s + 3 = 0. Let r(i) = i**2 - 5*i + 2. Determine r(v).
2
Let h(k) = -2*k**2 - 10*k - 16. Let z be h(-4). Let m(v) = -v**3 - 7*v**2 + 8*v + 2. What is m(z)?
2
Let r(v) be the second derivative of 1/2*v**2 + 1/3*v**3 - 5*v + 0. Calculate r(-3).
-5
Let q(m) be the third derivative of -m**6/120 - 2*m**5/15 - m**4/4 + m**3 - 5*m**2 - 2. What is q(-7)?
-1
Let m(y) = -2. Let n(q) = q + 3. Let a(x) = 5*m(x) + 2*n(x). Determine a(4).
4
Let a(x) be the third derivative of 0 + 1/6*x**3 + 1/12*x**5 + 0*x + 8*x**2 - 1/120*x**6 + 1/4*x**4. Give a(6).
1
Let p be 1/((-39)/42 - -1). Suppose h - 5*j - 5 = 2, p = 2*h - j. Let z(f) = f**2 - 7*f - 3. What is z(h)?
-3
Suppose -2*x = -7*x + 15. Let u(h) = -2*h**2 + x*h**2 + 6 + h + 7*h - 1. Give u(-4).
-11
Let r(p) = -p - 1. Let w(n) = n - 4. Let j(k) = 2*r(k) + w(k). Suppose 14 = 3*t - t. Let q = -7 + t. What is j(q)?
-6
Let u(i) = -i - 8. Let m(r) = r - 2. Let o be m(-2). Calculate u(o).
-4
Let s be 30/((-6)/2 - -2). Let y = 43 + s. Let m = 8 - y. Let f(r) = -r**3 - 6*r**2 - 5*r - 3. Calculate f(m).
-3
Let t(l) = 6*l**3 - l. Let u be t(1). Suppose h + 10 = 2*z, 0 = -2*z + z + u*h + 14. Let o(v) = -4 + z*v**2 + 2*v - 5*v + 2 - v**3. Calculate o(3).
-2
Let n(g) = 6*g**3 + g. Let p be n(-1). Let j be (-12)/(-30) + p/5. Let y(i) be the second derivative of i**4/2 + i. Calculate y(j).
6
Let v be (15 - 2) + 3/(-1). Let f(d) = 5*d**3 + d + 3*d**3 - v - 5*d**3 - 2*d**3. Calculate f(0).
-10
Suppose 195 = 3*k + 63. Suppose 5*r = -19 + k. Let i(v) = -v + 3. Determine i(r).
-2
Let c = 8 + -6. Let p(u) be the third derivative of -u**6/60 + u**5/60 + u**4/8 - u**3/6 + 10*u**2. Determine p(c).
-7
Let b be 117/(-6) - (-3)/(-6). Let l = 28 + b. Let x = l - 11. Let j(n) = -n - 6. Calculate j(x).
-3
Suppose 0*n - 10 = -2*t - 3*n, -6 = t - 4*n. Let s(a) = 2*a + 3*a + a + t - 5. Determine s(3).
15
Suppose -2*x - 2*x = -8. Let n(l) = -2*l + 3 + 0*l + l**3 - 5*l**2 - 4*l + 2*l**x. Determine n(4).
-5
Let u = -5 - -8. Suppose u*h + 2 = -1. Let a(s) = 4*s**3. Determine a(h).
-4
Let f(s) be the second derivative of s**4/12 + 4*s**3/3 + 3*s**2 - 14*s. Give f(-5).
-9
Let d(o) = o + 0*o + 0*o - 2. Let i = -16 + 16. Give d(i).
-2
Let l(r) = -r**2 - 6*r + 4. Let d be l(-8). Let t be (-50)/8 - 3/d. Let s(w) = w**3 + 5*w**2 - 4*w + 8. Give s(t).
-4
Let h(x) = x. Let t(l) = -2*l + 1. Let o(q) = 7*h(q) + 3*t(q). Determine o(3).
6
Let w(g) = -3*g - 2. Let k be 6 - 12/8*-2. Let o be (k/(-18))/((-1)/(-6)). What is w(o)?
7
Suppose -7 = -4*a - 5*b + 13, 2*a - 3*b + 12 = 0. Suppose 2*x = 4*l - 18, -5*l + 21 = -x - a*l. Let z(y) = 11*y - 1. Give z(x).
-12
Let z = -8 + 5. Let g be (-2)/((-3)/9*z). Let x(q) be the second derivative of q**4/12 + q**3/6 + q**2 - 2*q. Give x(g).
4
Let i(o) = o**2 + 4*o - 1. Let n(s) = 2*s**2 + 8*s - 1. Let m(w) = 5*i(w) - 2*n(w). Let y be (2 + (-1)/1)/1. Let p be 3/(-6)*(y + 5). Calculate m(p).
-6
Suppose -d - 2*d + 15 = 0. Let l(y) = -3*y + 4. Let i(n) = -n. Let b(k) = -2*i(k) + l(k). Calculate b(d).
-1
Suppose 0 = 2*r - 7 - 3. Let u(m) = -5*m - 13. Let d(q) = -4*q - 12. Let g(j) = -6*d(j) + 5*u(j). Give g(r).
2
Let d(i) = 5*i**2 + 5*i + 9. Let o(x) be